at is the units digit of 14916273?
3
What is the millions digit of 1513654?
1
What is the hundreds digit of 2572884?
8
What is the thousands digit of 2492927?
2
What is the thousands digit of 408719?
8
What is the tens digit of 15115533?
3
What is the hundred thousands digit of 128844?
1
What is the hundreds digit of 1234560?
5
What is the tens digit of 190028?
2
What is the ten thousands digit of 575690?
7
What is the thousands digit of 1351080?
1
What is the millions digit of 14102466?
4
What is the tens digit of 78020?
2
What is the ten thousands digit of 425509?
2
What is the millions digit of 20839258?
0
What is the tens digit of 671438?
3
What is the units digit of 2437282?
2
What is the thousands digit of 98618?
8
What is the ten thousands digit of 160713?
6
What is the hundred thousands digit of 875441?
8
What is the ten thousands digit of 35167?
3
What is the tens digit of 1298880?
8
What is the hundreds digit of 18480588?
5
What is the hundreds digit of 328631?
6
What is the thousands digit of 19332056?
2
What is the hundred thousands digit of 142324?
1
What is the units digit of 382275?
5
What is the hundreds digit of 584706?
7
What is the hundred thousands digit of 161912?
1
What is the millions digit of 6392641?
6
What is the ten thousands digit of 1512971?
1
What is the units digit of 1334933?
3
What is the thousands digit of 4522608?
2
What is the ten millions digit of 21411712?
2
What is the units digit of 1722227?
7
What is the thousands digit of 85122?
5
What is the ten millions digit of 12664674?
1
What is the units digit of 6416559?
9
What is the hundred thousands digit of 2223914?
2
What is the tens digit of 274429?
2
What is the thousands digit of 139746?
9
What is the tens digit of 2226002?
0
What is the units digit of 170725?
5
What is the units digit of 1886375?
5
What is the hundreds digit of 19890?
8
What is the hundred thousands digit of 4251392?
2
What is the ten thousands digit of 6850257?
5
What is the tens digit of 66969?
6
What is the ten thousands digit of 222413?
2
What is the hundred thousands digit of 209299?
2
What is the thousands digit of 281612?
1
What is the hundred thousands digit of 120957?
1
What is the millions digit of 10567533?
0
What is the units digit of 3857112?
2
What is the thousands digit of 754879?
4
What is the units digit of 1336939?
9
What is the thousands digit of 2167620?
7
What is the hundreds digit of 1794642?
6
What is the ten thousands digit of 91786?
9
What is the units digit of 1122654?
4
What is the ten thousands digit of 92761?
9
What is the hundreds digit of 12992?
9
What is the hundred thousands digit of 449985?
4
What is the ten thousands digit of 5051764?
5
What is the hundred thousands digit of 13107910?
1
What is the hundred thousands digit of 3307614?
3
What is the thousands digit of 8146?
8
What is the hundred thousands digit of 3256036?
2
What is the tens digit of 4092144?
4
What is the thousands digit of 1225164?
5
What is the units digit of 10398?
8
What is the hundreds digit of 3752005?
0
What is the units digit of 647436?
6
What is the units digit of 2011355?
5
What is the hundreds digit of 3568378?
3
What is the millions digit of 3974753?
3
What is the hundreds digit of 320252?
2
What is the hundreds digit of 5446664?
6
What is the tens digit of 56134?
3
What is the ten thousands digit of 601469?
0
What is the tens digit of 22869529?
2
What is the ten thousands digit of 30338?
3
What is the ten thousands digit of 330150?
3
What is the ten thousands digit of 111438?
1
What is the ten thousands digit of 417239?
1
What is the millions digit of 6383883?
6
What is the thousands digit of 9027408?
7
What is the tens digit of 8804594?
9
What is the units digit of 79643?
3
What is the units digit of 99809?
9
What is the thousands digit of 167958?
7
What is the hundred thousands digit of 301961?
3
What is the thousands digit of 1806094?
6
What is the millions digit of 1136194?
1
What is the hundreds digit of 37849020?
0
What is the units digit of 16262330?
0
What is the tens digit of 19056683?
8
What is the thousands digit of 156941?
6
What is the thousands digit of 313257?
3
What is the hundreds digit of 5060087?
0
What is the hundred thousands digit of 2123977?
1
What is the thousands digit of 210580?
0
What is the hundreds digit of 937761?
7
What is the thousands digit of 244175?
4
What is the hundreds digit of 819635?
6
What is the units digit of 916668?
8
What is the hundred thousands digit of 110655?
1
What is the hundred thousands digit of 3660013?
6
What is the hundred thousands digit of 1898528?
8
What is the tens digit of 36158?
5
What is the thousands digit of 3620942?
0
What is the hundreds digit of 3550023?
0
What is the ten millions digit of 17807012?
1
What is the ten thousands digit of 1182701?
8
What is the ten thousands digit of 320901?
2
What is the millions digit of 2128785?
2
What is the millions digit of 1340632?
1
What is the hundreds digit of 654308?
3
What is the ten thousands digit of 5278652?
7
What is the tens digit of 84017?
1
What is the tens digit of 2371087?
8
What is the tens digit of 342933?
3
What is the units digit of 2048393?
3
What is the thousands digit of 27113396?
3
What is the hundreds digit of 2531610?
6
What is the tens digit of 164655?
5
What is the units digit of 14056077?
7
What is the units digit of 2323364?
4
What is the hundred thousands digit of 578424?
5
What is the thousands digit of 3588492?
8
What is the tens digit of 14696986?
8
What is the hundred thousands digit of 653962?
6
What is the hundreds digit of 810661?
6
What is the hundreds digit of 3353186?
1
What is the hundred thousands digit of 5421254?
4
What is the millions digit of 18158621?
8
What is the tens digit of 4296533?
3
What is the hundred thousands digit of 2164279?
1
What is the thousands digit of 6417104?
7
What is the thousands digit of 628151?
8
What is the units digit of 3684385?
5
What is the hundred thousands digit of 1668818?
6
What is the units digit of 202937?
7
What is the tens digit of 101465?
6
What is the hundreds digit of 6487763?
7
What is the hundred thousands digit of 4745606?
7
What is the hundreds digit of 215472?
4
What is the millions digit of 2581725?
2
What is the thousands digit of 292122?
2
What is the ten thousands digit of 581737?
8
What is the ten thousands digit of 1459443?
5
What is the hundred thousands digit of 2927336?
9
What is the hundred thousands digit of 543189?
5
What is the thousands digit of 7642605?
2
What is the thousands digit of 7874364?
4
What is the hundreds digit of 503594?
5
What is the ten thousands digit of 601171?
0
What is the hundred thousands digit of 160273?
1
What is the hundred thousands digit of 22037500?
0
What is the units digit of 48336?
6
What is the hundreds digit of 311618?
6
What is the thousands digit of 2717933?
7
What is the units digit of 6372584?
4
What is the thousands digit of 7940053?
0
What is the hundreds digit of 3961706?
7
What is the millions digit of 1419448?
1
What is the thousands digit of 3480539?
0
What is the hundreds digit of 6936976?
9
What is the units digit of 224013?
3
What is the hundreds digit of 15496?
4
What is the hundreds digit of 656984?
9
What is the thousands digit of 186258?
6
What is the hundred thousands digit of 274341?
2
What is the hundreds digit of 17347355?
3
What is the tens digit of 550648?
4
What is the hundred thousands digit of 289101?
2
What is the millions digit of 3166907?
3
What is the hundred thousands digit of 868476?
8
What is the tens digit of 517854?
5
What is the hundred thousands digit of 4829329?
8
What is the hundred thousands digit of 14501691?
5
What is the hundreds digit of 230594?
5
What is the hundreds digit of 27196804?
8
What is the hundreds digit of 779651?
6
What is the hundred thousands digit of 515373?
5
What is the hundred thousands digit of 5221119?
2
What is the thousands digit of 2616129?
6
What is the ten thousands digit of 21921?
2
What is the ten thousands digit of 368420?
6
What is the units digit of 392147?
7
What is the hundreds digit of 2448345?
3
What is the hundred thousands digit of 333546?
3
What is the millions digit of 1933726?
1
What is the hundreds digit of 318265?
2
What is the units digit of 25